7 = 4*m. Suppose -4*a = m - 182. Let v = 22 - 15. Calculate the greatest common divisor of a and v.
7
Suppose -136*n + 315 = -131*n. Let u be 2/(-1) + 4 + 40. What is the highest common factor of u and n?
21
Let l be (-1)/((-10)/44)*10. Suppose o - 2*k = -o + l, 2*o - 53 = 5*k. Suppose -r + 1045 = 4*r. What is the greatest common factor of o and r?
19
Let j = -23 + 20. Let k be j/6 + 54/4. Let v(z) = 3*z + 10. Let s be v(k). Calculate the greatest common divisor of 7 and s.
7
Suppose -2*j + j - 71 = 0. Let h = j - -136. Let u = h + 25. Calculate the greatest common factor of u and 10.
10
Let r(f) = f**3 - 40*f**2 - 81*f - 82. Let j be r(42). Calculate the highest common divisor of 286 and j.
22
Let i(x) = -2*x**3 - 4*x**2 - x + 3. Let w be i(-3). Let l = -10 + w. Calculate the greatest common factor of 42 and l.
14
Let r(v) = -v**3 - 4*v**2 + 13*v + 11. Let j be r(-6). Let t be ((-18)/(-2))/1*j. Calculate the greatest common divisor of t and 18.
9
Let t be 1/2*(-184)/(-2). Let d(o) = o**2 + 15*o - 69. Let n be d(-23). What is the greatest common divisor of t and n?
23
Let k be 8/(-8) - -2*2. Suppose -108 = -k*v + v. Let j = 84 - v. Calculate the greatest common divisor of 6 and j.
6
Suppose 0 = 3*n - 14*r + 17*r - 96, -2*n + 2*r + 68 = 0. Let z = 67 - 56. Calculate the greatest common factor of n and z.
11
Suppose 3*a - 14 = -r - 3*r, a + 5*r = 23. Let i be (a + -56)/(1*(-6 - -5)). Calculate the greatest common factor of i and 145.
29
Let v(r) = -r**3 + 8*r**2 - 4*r - 2. Let x be v(7). Let n be -1 + (-22)/(-1) - 2. What is the highest common factor of x and n?
19
Suppose 13 = s - 5*x + 1, -4*x = 4*s + 24. Let b be (s/(-3))/((-2)/(-12)). What is the highest common divisor of 66 and b?
6
Let b = -437 + 617. Calculate the highest common divisor of 140 and b.
20
Let q(d) = 6*d + 146. Let z be q(-21). What is the greatest common factor of 55 and z?
5
Suppose -686*w + 675*w = -2860. Calculate the highest common factor of 140 and w.
20
Let h(x) = -46*x + 1. Let n be h(-1). Let r = n - 31. Let t be 21/(-14)*(-96)/9. What is the highest common divisor of r and t?
16
Let x = -41 + 57. Suppose 5*g + 129 = 3*a + 2*g, -4*g = 12. What is the highest common divisor of x and a?
8
Let r be 9/(18/44) - (1 - -4). Suppose -4*v + 3*v = -37. Let x = v - r. What is the highest common factor of 50 and x?
10
Let i(z) = z**3 + 36*z**2 - 37*z + 116. Let f be i(-37). What is the highest common factor of f and 4?
4
Let a be (171/(-38))/(1/(-14) + 0). Suppose -a = -z - 36. Calculate the greatest common divisor of z and 135.
27
Suppose -24 = -u - 2*j, 7*u + j = 3*u + 117. Let v be u/4*((-14)/(-5) + -2). Calculate the highest common divisor of v and 96.
6
Suppose -4*q + q + 42 = 0. What is the greatest common factor of q and 238?
14
Suppose 24*c = 21*c + 30. Let v be (-4 + -1 - c)*(-8)/10. What is the greatest common divisor of 8 and v?
4
Let j(f) = 14*f - 6. Suppose 0 = 2*g + 8, -3*v + 3*g + 27 = 2*v. Let a be j(v). Let h be a/24 + (-19)/(-2). What is the highest common factor of h and 99?
11
Let b(o) = -o**3 + 3*o**2 + 9*o + 7. Let a be b(5). Suppose -3*v + 2*v = -3*t + 13, 5*v = -a*t + 20. What is the greatest common divisor of 110 and t?
5
Let o(z) = 2*z**2 + 12 + 2*z**2 - 6*z**2 - 2*z**2 + 6*z**2 + 16*z. Let n = 14 + -26. Let b be o(n). What is the highest common factor of b and 12?
12
Suppose 24 = 5*o - 16. Let j be 16/(546/(-143) - 8/(-2)). What is the greatest common divisor of j and o?
8
Let x(l) = -l**3 - 6*l**2 + 3*l - 5. Suppose 0 = 2*m + 11 + 19. Let o be (-4)/(-30) + 107/m. Let j be x(o). Calculate the greatest common divisor of j and 207.
23
Suppose 5629*b + 4095 = 5642*b. Calculate the greatest common factor of 147 and b.
21
Suppose -5*l + 27 = 2*j, 4*j + 1 + 10 = 3*l. Suppose -l*d - 46 = -496. Calculate the greatest common divisor of d and 36.
18
Let c(j) = j**3 + 25*j**2 + 48*j + 64. Let s be c(-23). Suppose 0*k - 4*k = -2*g + 70, 4*g - 128 = 5*k. Calculate the highest common divisor of s and g.
9
Let d(k) = -72*k + 32. Let c be d(0). What is the highest common divisor of 736 and c?
32
Let k be 423/108*9 - 9/(-12). What is the highest common factor of 1452 and k?
12
Suppose -158*v = -168*v + 60. Calculate the greatest common factor of v and 33.
3
Let j be 6/9 + 4/3. Suppose j*i = 11 + 3. Let d(m) = -15*m + 74. Let o be d(4). Calculate the highest common divisor of i and o.
7
Let y be (265/10)/((-2)/(-4)). Let p = 37 - y. Let a be (-1 - 2)*p/4. Calculate the greatest common factor of a and 4.
4
Let p(k) = -3*k**3 - 25*k**2 - 47*k + 9. Let s be p(-6). Let b(o) = o**2 + 351. Let n be b(0). What is the highest common factor of s and n?
39
Let x be 6*68/6*(-4)/(-8). What is the greatest common divisor of 6 and x?
2
Let i(x) = 17*x - 470. Let j be i(28). What is the greatest common divisor of 38 and j?
2
Suppose 5*i - u - 15 = 85, 13 = 2*i + 5*u. Let n be 3/12*-3 - (-237)/12. Calculate the highest common factor of i and n.
19
Let d(w) be the second derivative of -w**4/12 - 5*w**3/6 + 3*w**2 - 9*w. Let z be d(-5). Calculate the greatest common divisor of z and 66.
6
Suppose 0 = 3*y + 3*q, 0 = 3*y - 2*q - 1 + 26. Let c be ((-6)/(-10))/((-1)/y). Let l be (-18)/c*(-18 + 2). Calculate the greatest common factor of 12 and l.
12
Let w = 8 + 7. Suppose 20*q - w*q - 90 = 0. Calculate the highest common factor of 2 and q.
2
Suppose 3*n - 2*y = 4, -3*y - 2 = -5. Let d = -19 + 32. Suppose d = -n*s + 213. What is the greatest common factor of 40 and s?
20
Suppose 15*m - 1968 = -m. Calculate the greatest common divisor of m and 9.
3
Suppose 10*s - 5*s + k - 45 = 0, 5*k - 5 = -3*s. Calculate the highest common factor of 300 and s.
10
Let l = -11 + 11. Suppose l = 4*i + 2*o, -5*i - 4*o = -i. Suppose -4*y - 4*z + 60 = 0, 3*y - 5*z = -i*z + 61. Calculate the highest common divisor of y and 187.
17
Let j = 11 + 161. What is the greatest common factor of j and 86?
86
Let k be (-186)/6 + (-6)/(-2). Let h = k - -38. What is the greatest common divisor of h and 50?
10
Let g = 4 - 9. Let t be g - ((-12)/4 - -2). Let h be (-3)/(-2) - 78/t. What is the greatest common factor of h and 7?
7
Let x be (10 + (-319)/33)*99. Calculate the greatest common factor of 121 and x.
11
Let m(j) = 14*j + 1. Let x be m(1). Suppose 3*a - x = 57. What is the greatest common factor of 36 and a?
12
Let p(a) = -2*a**3 + 11*a**2 + 11*a - 5. Let b be p(6). Calculate the greatest common divisor of b and 1325.
25
Let u(a) = a**2 - 12*a - 37. Let d be u(-5). Calculate the greatest common divisor of 144 and d.
48
Let n = -26 + 29. Suppose 0 = 3*r + 2*y + 3*y - 147, 3*y = 2*r - 79. Suppose 27 + 89 = 5*j + s, 0 = -j + 5*s + r. What is the highest common divisor of j and n?
3
Suppose 61 = 5*u - 104. Suppose g + 0*g - 2*n - 134 = 0, 2*n + 266 = 2*g. Calculate the highest common divisor of g and u.
33
Let d be (78/(-12) - -5)*-4. Calculate the highest common factor of 48 and d.
6
Let u be 9*(-2)/(-3)*2. Let g = 237 - 213. Calculate the greatest common divisor of u and g.
12
Let m = 1506 - 1352. What is the greatest common factor of m and 88?
22
Suppose 4*d + 588 = 7*d. Calculate the greatest common divisor of 49 and d.
49
Suppose 31*v - 69*v + 456 = 0. Calculate the greatest common divisor of 8 and v.
4
Let r(q) = 2*q + 7. Let t be 0/(-3*(-1)/3). Let n be r(t). What is the greatest common divisor of n and 49?
7
Suppose -2*r - 7 + 15 = 0. Suppose r*d = x + 6, -7 = -4*x - 4*d + 9. Suppose 5*l = -6 + 16. What is the greatest common divisor of l and x?
2
Suppose -3*i + 33 = -4*h + 2, 5*h + 2*i = -10. Let c = h + 18. Calculate the highest common factor of 126 and c.
14
Let d(p) = p**2 + p + 2. Let o = -23 - -23. Let x be d(o). What is the greatest common divisor of x and 2?
2
Let x be -1*(-3 - (1 + 1)). Suppose 3*b - 14*b + 11 = 0. Calculate the highest common factor of b and x.
1
Let i(k) = k**2 - 44*k + 17. Let a be i(-9). What is the highest common divisor of 76 and a?
38
Let f be (-1)/(-3) + 24/36. Calculate the highest common divisor of f and 125.
1
Let g(z) = 24*z + 232. Let l be g(-6). Calculate the highest common factor of 99 and l.
11
Let c = -258 - -260. Calculate the greatest common factor of c and 18.
2
Let d be (-222)/7*(-8 - (11 - -2)). What is the highest common divisor of 18 and d?
18
Suppose 264 = 3*m - 